{"id":3205,"date":"2023-04-02T16:50:59","date_gmt":"2023-04-02T14:50:59","guid":{"rendered":"https:\/\/mn-flex.com\/noviSajt\/?page_id=3205"},"modified":"2024-04-17T11:47:32","modified_gmt":"2024-04-17T09:47:32","slug":"hidraulika","status":"publish","type":"page","link":"https:\/\/mn-flex.com\/bih\/ponuda\/hidraulika\/","title":{"rendered":"Hidraulika"},"content":{"rendered":"<div data-elementor-type=\"wp-page\" data-elementor-id=\"3205\" class=\"elementor elementor-3205\">\n\t\t\t\t\t\t<div class=\"elementor-inner\">\n\t\t\t\t<div class=\"elementor-section-wrap\">\n\t\t\t\t\t\t\t\t\t<section class=\"elementor-section elementor-top-section elementor-element elementor-element-a8152dc elementor-section-boxed elementor-section-height-default elementor-section-height-default\" data-id=\"a8152dc\" data-element_type=\"section\" data-settings=\"{&quot;_ha_eqh_enable&quot;:false}\">\n\t\t\t\t\t\t<div class=\"elementor-container elementor-column-gap-default\">\n\t\t\t\t\t\t\t<div class=\"elementor-row\">\n\t\t\t\t\t<div class=\"elementor-column elementor-col-100 elementor-top-column elementor-element elementor-element-f22d5fd\" data-id=\"f22d5fd\" data-element_type=\"column\">\n\t\t\t<div class=\"elementor-column-wrap elementor-element-populated\">\n\t\t\t\t\t\t\t<div class=\"elementor-widget-wrap\">\n\t\t\t\t\t\t<div class=\"elementor-element elementor-element-7747145 elementor-widget elementor-widget-fancy-heading\" data-id=\"7747145\" data-element_type=\"widget\" data-widget_type=\"fancy-heading.default\">\n\t\t\t\t<div class=\"elementor-widget-container\">\n\t\t\t\t\t\n\t\t\t<div class=\"section-head left wt-small-separator-outer\">\n\t\t\t\t\t\t\t\t\t<div class=\"wt-small-separator site-text-primary\">\n\t\t\t\t\t\t<div class=\"sep-leaf-left\"><\/div>\n\t\t\t\t\t\t<div>Mi volimo pritisak<\/div>\n\t\t\t\t\t\t<div class=\"sep-leaf-right\"><\/div>\n\t\t\t\t\t<\/div>\t\n\t\t\t\t\t\t\t\t\t\n\t\t\t\t<h2>Odgovaraju\u0107e rje\u0161enje za sve zahtjeve u hidraulici<\/h2>\n\t\t\t<\/div>\n\t\t\t\t\t<\/div>\n\t\t\t\t<\/div>\n\t\t\t\t\t\t<\/div>\n\t\t\t\t\t<\/div>\n\t\t<\/div>\n\t\t\t\t\t\t\t\t<\/div>\n\t\t\t\t\t<\/div>\n\t\t<\/section>\n\t\t\t\t<section class=\"elementor-section elementor-top-section elementor-element elementor-element-ad8f596 elementor-section-boxed elementor-section-height-default elementor-section-height-default\" data-id=\"ad8f596\" data-element_type=\"section\" data-settings=\"{&quot;_ha_eqh_enable&quot;:false}\">\n\t\t\t\t\t\t<div class=\"elementor-container elementor-column-gap-default\">\n\t\t\t\t\t\t\t<div class=\"elementor-row\">\n\t\t\t\t\t<div data-ha-element-link=\"{&quot;url&quot;:&quot;https:\\\/\\\/mn-flex.com\\\/ponuda\\\/hidraulika\\\/crijeva-i-prikljucci\\\/&quot;,&quot;is_external&quot;:&quot;&quot;,&quot;nofollow&quot;:&quot;&quot;,&quot;custom_attributes&quot;:&quot;&quot;}\" style=\"cursor: pointer\" class=\"elementor-column elementor-col-33 elementor-top-column elementor-element elementor-element-e79ed4c\" data-id=\"e79ed4c\" data-element_type=\"column\">\n\t\t\t<div class=\"elementor-column-wrap elementor-element-populated\">\n\t\t\t\t\t\t\t<div class=\"elementor-widget-wrap\">\n\t\t\t\t\t\t<div class=\"elementor-element elementor-element-9352afb elementor-widget elementor-widget-image\" data-id=\"9352afb\" data-element_type=\"widget\" data-widget_type=\"image.default\">\n\t\t\t\t<div class=\"elementor-widget-container\">\n\t\t\t\t\t\t\t\t<div class=\"elementor-image\">\n\t\t\t\t\t\t\t\t\t\t\t\t\t<a href=\"https:\/\/mn-flex.com\/bih\/ponuda\/hidraulika\/crijeva-i-prikljucci\/\">\n\t\t\t\t\t\t\t<img decoding=\"async\" width=\"580\" height=\"363\" src=\"https:\/\/mn-flex.com\/wp-content\/uploads\/2023\/04\/mnflex-doboj63534538.jpg\" class=\"attachment-large size-large wp-image-5058\" alt=\"\" loading=\"lazy\" srcset=\"https:\/\/mn-flex.com\/wp-content\/uploads\/2023\/04\/mnflex-doboj63534538.jpg 600w, https:\/\/mn-flex.com\/wp-content\/uploads\/2023\/04\/mnflex-doboj63534538-300x188.jpg 300w, https:\/\/mn-flex.com\/wp-content\/uploads\/2023\/04\/mnflex-doboj63534538-18x12.jpg 18w\" sizes=\"(max-width: 580px) 100vw, 580px\" \/>\t\t\t\t\t\t\t\t<\/a>\n\t\t\t\t\t\t\t\t\t\t\t\t\t\t<\/div>\n\t\t\t\t\t\t<\/div>\n\t\t\t\t<\/div>\n\t\t\t\t<div class=\"elementor-element elementor-element-5bb44e5 elementor-widget elementor-widget-heading\" data-id=\"5bb44e5\" data-element_type=\"widget\" data-widget_type=\"heading.default\">\n\t\t\t\t<div class=\"elementor-widget-container\">\n\t\t\t<h2 class=\"elementor-heading-title elementor-size-default\"><a href=\"https:\/\/mn-flex.com\/bih\/ponuda\/hidraulika\/crijeva-i-prikljucci\/\">Hidrauli\u010dna crijeva, krute <br>cijevi, priklju\u010dci <\/a><\/h2>\t\t<\/div>\n\t\t\t\t<\/div>\n\t\t\t\t<div data-ha-element-link=\"{&quot;url&quot;:&quot;https:\\\/\\\/mn-flex.com\\\/ponuda\\\/hidraulika\\\/crijeva-i-prikljucci\\\/&quot;,&quot;is_external&quot;:&quot;&quot;,&quot;nofollow&quot;:&quot;&quot;,&quot;custom_attributes&quot;:&quot;&quot;}\" style=\"cursor: pointer\" class=\"elementor-element elementor-element-f3c1667 elementor-widget elementor-widget-text-editor\" data-id=\"f3c1667\" data-element_type=\"widget\" data-widget_type=\"text-editor.default\">\n\t\t\t\t<div class=\"elementor-widget-container\">\n\t\t\t\t\t\t\t\t<div class=\"elementor-text-editor elementor-clearfix\">\n\t\t\t\t<p>Pogledaj<\/p>\t\t\t\t\t<\/div>\n\t\t\t\t\t\t<\/div>\n\t\t\t\t<\/div>\n\t\t\t\t\t\t<\/div>\n\t\t\t\t\t<\/div>\n\t\t<\/div>\n\t\t\t\t<div data-ha-element-link=\"{&quot;url&quot;:&quot;https:\\\/\\\/mn-flex.com\\\/ponuda\\\/hidraulika\\\/hidraulicne-komponente\\\/&quot;,&quot;is_external&quot;:&quot;&quot;,&quot;nofollow&quot;:&quot;&quot;,&quot;custom_attributes&quot;:&quot;&quot;}\" style=\"cursor: pointer\" class=\"elementor-column elementor-col-33 elementor-top-column elementor-element elementor-element-48d1b7c\" data-id=\"48d1b7c\" data-element_type=\"column\">\n\t\t\t<div class=\"elementor-column-wrap elementor-element-populated\">\n\t\t\t\t\t\t\t<div class=\"elementor-widget-wrap\">\n\t\t\t\t\t\t<div class=\"elementor-element elementor-element-772c599 elementor-widget elementor-widget-image\" data-id=\"772c599\" data-element_type=\"widget\" data-widget_type=\"image.default\">\n\t\t\t\t<div class=\"elementor-widget-container\">\n\t\t\t\t\t\t\t\t<div class=\"elementor-image\">\n\t\t\t\t\t\t\t\t\t\t\t\t\t<a href=\"https:\/\/mn-flex.com\/bih\/ponuda\/hidraulika\/hidraulicne-komponente\/\">\n\t\t\t\t\t\t\t<img decoding=\"async\" width=\"580\" height=\"363\" src=\"https:\/\/mn-flex.com\/wp-content\/uploads\/2023\/04\/hidraulika-agregati-motori-nanometri-bosna-doboj233.jpg\" class=\"attachment-large size-large wp-image-5731\" alt=\"\" loading=\"lazy\" srcset=\"https:\/\/mn-flex.com\/wp-content\/uploads\/2023\/04\/hidraulika-agregati-motori-nanometri-bosna-doboj233.jpg 600w, https:\/\/mn-flex.com\/wp-content\/uploads\/2023\/04\/hidraulika-agregati-motori-nanometri-bosna-doboj233-300x188.jpg 300w, https:\/\/mn-flex.com\/wp-content\/uploads\/2023\/04\/hidraulika-agregati-motori-nanometri-bosna-doboj233-18x12.jpg 18w\" sizes=\"(max-width: 580px) 100vw, 580px\" \/>\t\t\t\t\t\t\t\t<\/a>\n\t\t\t\t\t\t\t\t\t\t\t\t\t\t<\/div>\n\t\t\t\t\t\t<\/div>\n\t\t\t\t<\/div>\n\t\t\t\t<div class=\"elementor-element elementor-element-165f8a5 elementor-widget elementor-widget-heading\" data-id=\"165f8a5\" data-element_type=\"widget\" data-widget_type=\"heading.default\">\n\t\t\t\t<div class=\"elementor-widget-container\">\n\t\t\t<h2 class=\"elementor-heading-title elementor-size-default\"><a href=\"https:\/\/mn-flex.com\/bih\/ponuda\/hidraulika\/hidraulicne-komponente\/\">Hidrauli\u010dne komponente <br>i agregati<\/a><\/h2>\t\t<\/div>\n\t\t\t\t<\/div>\n\t\t\t\t<div data-ha-element-link=\"{&quot;url&quot;:&quot;https:\\\/\\\/mn-flex.com\\\/ponuda\\\/hidraulika\\\/hidraulicne-komponente\\\/&quot;,&quot;is_external&quot;:&quot;&quot;,&quot;nofollow&quot;:&quot;&quot;,&quot;custom_attributes&quot;:&quot;&quot;}\" style=\"cursor: pointer\" class=\"elementor-element elementor-element-baafe1b elementor-widget elementor-widget-text-editor\" data-id=\"baafe1b\" data-element_type=\"widget\" data-widget_type=\"text-editor.default\">\n\t\t\t\t<div class=\"elementor-widget-container\">\n\t\t\t\t\t\t\t\t<div class=\"elementor-text-editor elementor-clearfix\">\n\t\t\t\t<p>Pogledaj<\/p>\t\t\t\t\t<\/div>\n\t\t\t\t\t\t<\/div>\n\t\t\t\t<\/div>\n\t\t\t\t\t\t<\/div>\n\t\t\t\t\t<\/div>\n\t\t<\/div>\n\t\t\t\t<div data-ha-element-link=\"{&quot;url&quot;:&quot;https:\\\/\\\/mn-flex.com\\\/ponuda\\\/hidraulika\\\/oprema-za-hidrauliku\\\/&quot;,&quot;is_external&quot;:&quot;&quot;,&quot;nofollow&quot;:&quot;&quot;,&quot;custom_attributes&quot;:&quot;&quot;}\" style=\"cursor: pointer\" class=\"elementor-column elementor-col-33 elementor-top-column elementor-element elementor-element-b347143\" data-id=\"b347143\" data-element_type=\"column\">\n\t\t\t<div class=\"elementor-column-wrap elementor-element-populated\">\n\t\t\t\t\t\t\t<div class=\"elementor-widget-wrap\">\n\t\t\t\t\t\t<div class=\"elementor-element elementor-element-4b24ac8 elementor-widget elementor-widget-image\" data-id=\"4b24ac8\" data-element_type=\"widget\" data-widget_type=\"image.default\">\n\t\t\t\t<div class=\"elementor-widget-container\">\n\t\t\t\t\t\t\t\t<div class=\"elementor-image\">\n\t\t\t\t\t\t\t\t\t\t\t\t\t<a href=\"https:\/\/mn-flex.com\/bih\/ponuda\/hidraulika\/oprema-za-hidrauliku\/\">\n\t\t\t\t\t\t\t<img decoding=\"async\" width=\"580\" height=\"363\" src=\"https:\/\/mn-flex.com\/wp-content\/uploads\/2023\/09\/oph.jpg\" class=\"attachment-large size-large wp-image-5732\" alt=\"\" loading=\"lazy\" srcset=\"https:\/\/mn-flex.com\/wp-content\/uploads\/2023\/09\/oph.jpg 600w, https:\/\/mn-flex.com\/wp-content\/uploads\/2023\/09\/oph-300x188.jpg 300w, https:\/\/mn-flex.com\/wp-content\/uploads\/2023\/09\/oph-18x12.jpg 18w\" sizes=\"(max-width: 580px) 100vw, 580px\" \/>\t\t\t\t\t\t\t\t<\/a>\n\t\t\t\t\t\t\t\t\t\t\t\t\t\t<\/div>\n\t\t\t\t\t\t<\/div>\n\t\t\t\t<\/div>\n\t\t\t\t<div class=\"elementor-element elementor-element-6b05432 elementor-widget elementor-widget-heading\" data-id=\"6b05432\" data-element_type=\"widget\" data-widget_type=\"heading.default\">\n\t\t\t\t<div class=\"elementor-widget-container\">\n\t\t\t<h2 class=\"elementor-heading-title elementor-size-default\"><a href=\"https:\/\/mn-flex.com\/bih\/ponuda\/hidraulika\/oprema-za-hidrauliku\/\">Hidrauli\u010dne prese <br> i periferna oprema<\/a><\/h2>\t\t<\/div>\n\t\t\t\t<\/div>\n\t\t\t\t<div data-ha-element-link=\"{&quot;url&quot;:&quot;https:\\\/\\\/mn-flex.com\\\/ponuda\\\/hidraulika\\\/oprema-za-hidrauliku\\\/&quot;,&quot;is_external&quot;:&quot;&quot;,&quot;nofollow&quot;:&quot;&quot;,&quot;custom_attributes&quot;:&quot;&quot;}\" style=\"cursor: pointer\" class=\"elementor-element elementor-element-dee527f elementor-widget elementor-widget-text-editor\" data-id=\"dee527f\" data-element_type=\"widget\" data-widget_type=\"text-editor.default\">\n\t\t\t\t<div class=\"elementor-widget-container\">\n\t\t\t\t\t\t\t\t<div class=\"elementor-text-editor elementor-clearfix\">\n\t\t\t\t<p>Pogledaj<\/p>\t\t\t\t\t<\/div>\n\t\t\t\t\t\t<\/div>\n\t\t\t\t<\/div>\n\t\t\t\t\t\t<\/div>\n\t\t\t\t\t<\/div>\n\t\t<\/div>\n\t\t\t\t\t\t\t\t<\/div>\n\t\t\t\t\t<\/div>\n\t\t<\/section>\n\t\t\t\t\t\t\t\t\t<\/div>\n\t\t\t<\/div>\n\t\t\t\t\t<\/div>","protected":false},"excerpt":{"rendered":"<p>Mi volimo pritisak Odgovaraju\u0107e rje\u0161enje za sve zahtjeve u hidraulici Hidrauli\u010dna crijeva, krute cijevi, priklju\u010dci Pogledaj Hidrauli\u010dne komponente i agregati Pogledaj Hidrauli\u010dne prese i periferna oprema Pogledaj<\/p>","protected":false},"author":4,"featured_media":0,"parent":334,"menu_order":0,"comment_status":"closed","ping_status":"closed","template":"","meta":{"inline_featured_image":false,"_links_to":"","_links_to_target":""},"acf":[],"_links":{"self":[{"href":"https:\/\/mn-flex.com\/bih\/wp-json\/wp\/v2\/pages\/3205"}],"collection":[{"href":"https:\/\/mn-flex.com\/bih\/wp-json\/wp\/v2\/pages"}],"about":[{"href":"https:\/\/mn-flex.com\/bih\/wp-json\/wp\/v2\/types\/page"}],"author":[{"embeddable":true,"href":"https:\/\/mn-flex.com\/bih\/wp-json\/wp\/v2\/users\/4"}],"replies":[{"embeddable":true,"href":"https:\/\/mn-flex.com\/bih\/wp-json\/wp\/v2\/comments?post=3205"}],"version-history":[{"count":27,"href":"https:\/\/mn-flex.com\/bih\/wp-json\/wp\/v2\/pages\/3205\/revisions"}],"predecessor-version":[{"id":6535,"href":"https:\/\/mn-flex.com\/bih\/wp-json\/wp\/v2\/pages\/3205\/revisions\/6535"}],"up":[{"embeddable":true,"href":"https:\/\/mn-flex.com\/bih\/wp-json\/wp\/v2\/pages\/334"}],"wp:attachment":[{"href":"https:\/\/mn-flex.com\/bih\/wp-json\/wp\/v2\/media?parent=3205"}],"curies":[{"name":"wp","href":"https:\/\/api.w.org\/{rel}","templated":true}]}}